-740
Let j(g) = 2*g**2 + 9333*g + 46492. Calculate j(-5).
-123
Let v(q) = -5*q**3 - 1036*q**2 - 2073*q - 7. What is v(-2)?
35
Let c(g) = 5053*g + 392. Determine c(0).
392
Let o(s) = -s**3 - 38*s**2 - 86*s - 372. Calculate o(-36).
132
Let r(j) = 184552*j + 3506485. What is r(-19)?
-3
Let f(n) = -n**2 - 119*n - 891. What is f(-7)?
-107
Let i(n) = n**2 + 20123*n - 181190. Calculate i(9).
-2
Let s(g) = -4*g**3 + 45*g**2 - 152*g + 29. Determine s(6).
-127
Let x(a) = a**3 + 33*a**2 + 82*a + 1649. What is x(-32)?
49
Let m(o) = 5038*o - 4561. Calculate m(1).
477
Let v(n) = 91*n - 601. Calculate v(9).
218
Let f(l) = -l**2 - 980*l - 72888. Calculate f(-82).
748
Let z(q) = -575*q + 187458. What is z(326)?
8
Let n(h) = -12*h**3 - 56*h**2 + h - 51. Calculate n(-7).
1314
Let n(b) = -21820*b - 654626. What is n(-30)?
-26
Let y(t) = -22795*t + 342155. Calculate y(15).
230
Let v(y) = 4*y**3 + 166*y**2 - 2028*y - 62914. Calculate v(-45).
-4
Let h(l) = -l**2 + 31*l - 176. What is h(23)?
8
Let h(a) = -54140*a + 2544631. Give h(47).
51
Let c(l) = -18*l**2 + 292*l - 102. Determine c(16).
-38
Let g(z) = 1850*z + 17443. What is g(-9)?
793
Let a(v) = -18*v**3 + 2*v**2 - 24*v + 19. Give a(-4).
1299
Let u(c) = -c**3 + 59*c**2 - 30*c - 846. Calculate u(58).
778
Let j(c) = 223*c**2 + 1589*c - 223. Give j(-7).
-419
Let c(a) = -146*a**2 - 596*a + 1173. What is c(2)?
-603
Let x(n) = -264*n + 374. Calculate x(2).
-154
Let d(c) = -c**2 + 697*c - 8224. Determine d(12).
-4
Let p(h) = -1169*h + 197609. Give p(169).
48
Let i(n) = 183*n**2 + 3789*n - 9663. Give i(-23).
-3
Let c(i) = 1664*i**3 - i**2 + 116*i + 118. Determine c(-1).
-1663
Let g(v) = 41*v**3 + 3*v**2 + 8916*v + 17820. Determine g(-2).
-328
Let n(f) = -1524*f + 107319. What is n(69)?
2163
Let r(i) = 20*i**2 - 1960*i + 3830. What is r(96)?
-10
Let f(c) = -129*c**3 + 3*c**2 - 17*c - 26. Determine f(-2).
1052
Let m(s) = -17*s**2 - 104*s - 722. Give m(-7).
-827
Let f(x) = 15736*x + 2564981. Determine f(-163).
13
Let v(r) = -r**3 + 22*r**2 - 83*r + 919. What is v(11)?
1337
Let c(d) = 348*d + 146. Give c(-3).
-898
Let p(q) = q**3 + 33*q**2 + 267*q + 349. Calculate p(-13).
258
Let a(k) = 113*k - 9487. What is a(73)?
-1238
Let g(x) = -21*x**3 - 155*x**2 + 274*x + 23. Determine g(2).
-217
Let k(c) = -933*c + 34505. Calculate k(37).
-16
Let c(g) = -11411*g + 68470. Calculate c(6).
4
Let i(t) = 1517*t - 166962. Determine i(110).
-92
Let w(d) = 7*d**3 - 186*d**2 + 136*d - 835. What is w(26)?
-3
Let c(w) = -w**3 + 173*w**2 - 6287*w - 456. Determine c(121).
149
Let z(q) = 4800*q - 3575993. Calculate z(745).
7
Let c(g) = -2*g**3 + 298*g**2 - 11*g + 1791. Determine c(149).
152
Let x(v) = 2*v**3 - 23*v**2 - 614*v + 2675. Give x(4).
-21
Let a(y) = 3624*y + 4818. Give a(-2).
-2430
Let j(u) = 139028*u + 834156. Determine j(-6).
-12
Let i(y) = 2*y**3 - 87*y**2 + 928*y - 147. Calculate i(21).
-504
Let o(i) = -2146*i - 47256. Determine o(-22).
-44
Let p(w) = w**3 + 43*w**2 - 222*w + 229. Give p(-48).
-635
Let f(p) = p**3 - 49*p**2 - 238*p + 580. Calculate f(53).
-798
Let r(q) = -64*q + 1461. Determine r(24).
-75
Let p(l) = 8*l**3 - 608*l**2 + 547*l + 3884. Determine p(75).
-91
Let s(w) = -2*w**2 - 15126*w - 75595. What is s(-5)?
-15
Let d(p) = -2*p**3 + 40*p**2 - 525*p + 11939. Calculate d(21).
32
Let o(b) = b**2 + 73358*b + 440115. Give o(-6).
3
Let z(t) = 14*t**2 + 107*t + 856. Calculate z(-8).
896
Let h(i) = -5986*i**2 - 11826*i - 15. Calculate h(-2).
-307
Let g(l) = -119*l**2 - 1295*l - 15. Give g(-11).
-169
Let k(h) = 11*h**2 - 420*h + 2243. Give k(32).
67
Let y(l) = -20*l**2 + 8*l - 50. Give y(4).
-338
Let x(d) = -4641*d - 1257709. Determine x(-271).
2
Let r(z) = 90*z**2 - 908*z + 78. Determine r(10).
-2
Let w(t) = -2973*t**2 + 571*t - 3. Determine w(1).
-2405
Let l(h) = -68875*h + 206544. Determine l(3).
-81
Let n(b) = 35*b - 853. What is n(12)?
-433
Let k(d) = -77*d + 12317. Give k(153).
536
Let k(a) = a**3 - 8*a**2 + 817*a - 4833. What is k(6)?
-3
Let f(b) = 45*b**3 - 3109*b**2 + 203*b + 5071. Determine f(69).
34
Let n(g) = 680*g - 1373. Give n(2).
-13
Let z(i) = -62*i**2 - 442*i + 491. Calculate z(-8).
59
Let i(h) = 3376*h + 141684. What is i(-42)?
-108
Let n(x) = -2*x**2 - 29*x + 3459. Calculate n(35).
-6
Let o(l) = -6*l**2 - 249*l + 271. Determine o(1).
16
Let a(c) = 17*c**2 - 1668*c + 3451. Calculate a(96).
-5
Let f(r) = -699*r - 6139. Determine f(-8).
-547
Let z(i) = i**3 - 70*i**2 - 416*i + 8873. What is z(74)?
-7
Let g(p) = 20500*p - 20494. What is g(1)?
6
Let v(y) = -12*y**3 - 6983*y**2 + 589*y + 4096. Determine v(-582).
22
Let p(b) = -5*b**2 - 24737*b + 123832. Give p(5).
22
Let y(b) = 190*b + 26438. Give y(-139).
28
Let k(i) = i**3 + 23*i**2 - 9368*i + 47307. What is k(83)?
-3
Let v(c) = 4271*c + 4238. Calculate v(-1).
-33
Let a(m) = 4*m**3 + 19*m**2 - 148*m + 43. What is a(-9)?
-2
Let o(p) = p**3 - 165*p**2 + 5345*p - 647. What is o(121)?
1894
Let o(p) = 18*p**2 - 29*p - 129. Calculate o(8).
791
Let f(x) = 4*x**3 + 43*x**2 + 199*x + 170. Give f(-6).
-340
Let s(b) = -b**2 - 826549*b - 6612260. Determine s(-8).
68
Let r(m) = -2*m**2 + 79*m - 238. Determine r(38).
-124
Let u(m) = 15*m**2 - 4982*m + 10534. What is u(330)?
-26
Let g(z) = z**3 - 769*z**2 - 41*z + 31555. What is g(769)?
26
Let v(l) = -1955087*l - 7820340. Calculate v(-4).
8
Let c(p) = -p**3 + 4*p**2 + 360*p - 52. What is c(-15)?
-1177
Let m(k) = 28*k - 2521. What is m(45)?
-1261
Let n(q) = -q**3 + 87*q**2 + 876*q - 1146. Calculate n(96).
6
Let a(c) = -648*c + 215544. What is a(334)?
-888
Let s(i) = -3*i**3 + 23*i**2 - 15*i + 219. Give s(9).
-240
Let o(d) = d**3 - 10*d**2 + 69987*d - 489883. What is o(7)?
-121
Let z(j) = j**3 - 45*j + 26. Give z(8).
178
Let i(d) = 61743*d + 2531379. Give i(-41).
-84
Let t(b) = 3*b**3 - 229*b**2 + 1458*b + 17. Calculate t(7).
31
Let h(m) = -38*m + 690. Calculate h(17).
44
Let y(i) = -283*i**2 - 141*i + 29722. Give y(10).
12
Let a(i) = -77*i**2 - 2302*i + 87. Determine a(-30).
-153
Let q(w) = -w**3 - 49*w**2 - 112*w - 549. Give q(-47).
297
Let g(c) = -2*c**2 + 443*c + 53303. Determine g(308).
19
Let h(g) = -710*g - 13832. Calculate h(-18).
-1052
Let l(b) = -b**3 - 8*b**2 + 19*b - 7. Calculate l(-10).
3
Let d(a) = -a**3 - 43*a**2 - 354*a + 506. Give d(-13).
38
Let i(x) = 399483*x - 13981900. Give i(35).
5
Let j(q) = -13*q**3 + 79*q**2 - 154*q + 68. Give j(2).
-28
Let k(m) = -2226*m - 31221. Determine k(-14).
-57
Let m(s) = s**3 + 144*s**2 + 5133*s - 2004. Give m(-77).
-2
Let p(c) = c**3 + 82*c**2 - 167*c + 70. Give p(-84).
-14
Let s(i) = -13*i**3 - 423*i**2 - 447*i - 24. Give s(-1).
13
Let j(h) = -h**2 - 282*h + 53098. Calculate j(129).
79
Let k(m) = 71286*m - 499009. Calculate k(7).
-7
Let p(d) = -7091*d**2 - 63816*d + 23. Give p(-9).
-4
Let f(p) = -p**3 - 71*p**2 + 210*p - 291. What is f(-74)?
597
Let a(o) = 19*o**2 + 619*o + 3052. Give a(-6).
22
Let x(v) = -v**3 + 57*v**2 - 276*v + 11. Calculate x(52).
-821
Let t(o) = 18833*o + 320148. Give t(-17).
-13
Let a(l) = 1264*l + 283202. Determine a(-224).
66
Let l(z) = -3*z**3 + 31*z**2 - 22*z + 212. What is l(10)?
92
Let q(f) = f**3 + 15*f**2 + 263*f + 1488. Give q(-7).
39
Let s(k) = 8961*k + 143281. Give s(-16).
-95
Let p(b) = 6257*b + 275323. Give p(-44).
15
Let u(a) = -1416*a - 281796. Give u(-199).
-12
Let v(d) = -3814*d**2 + 22953*d - 417. Give v(6).
-3
Let s(c) = 461*c**3 + 2765*c**2 - 86*c - 517. Calculate s(-6).
-37
Let q(x) = 8*x**3 + 373*x**2 + 602*x + 780. What is q(-45)?
15
Let w(z) = 51*z**2 + 193*z - 51. Calculate w(-4).
-7
Let m(o) = 5197*o + 1112147. Calculate m(-214).
-11
Let s(c) = -c**2 - 234*c - 13411. Calculate s(-134).
-11
Let j(s) = s**3 + 72*s**2 + 459*s + 186. Determine j(-65).
-74
Let u(b) = b**2 + 245*b + 11253. Determine u(-59).
279
Let x(n) = -23816*n - 381065. What is x(-16)?
-9
Let g(h) = -28*h**2 - h - 73. Give g(5).
-778
Let r(g) = 18*g**2 + 87*g + 22. What is r(-8)?
478
Let v(u) = 208303*u + 18122362. What is v(-87)?
1
Let k(s) = s**3 - 33*s**2 - 23*s + 58. Calculate k(8).
-1726
Let c(f) = -293*f + 10823. What is c(38)?
-311
Let i(q) = -39*q**2 + 567*q + 4825. Calculate i(-6).
19
Let f(k) = -40070*k + 1202117. Calculate f(30).
17
Let o(c) = -2*c**2 - 464*c - 17117. Determine o(-46).
-5
Let h(f) = -7732*f - 16850. Give h(-2).
-1386
Let c(x) = 50*x*